ppose -v*u + 6528 = -86*u. What is the thousands digit of u?
1
Let z = -10 + 10. Suppose -4*i - 5*f + 56 = z, 2*i - 77 = -i + 5*f. Suppose 4*y + i = -k + 2*k, -2*y + 99 = 3*k. What is the tens digit of k?
3
Suppose -11*w + 10*w - 4 = 0. Let c be 3 + w/2 - -2. Suppose a = -c*a + 4. What is the units digit of a?
1
Let f = 56 - 36. Let g(m) = 0 - 11 + 13 - f*m + 32. What is the units digit of g(-6)?
4
Suppose -4*u + 50 = 2*d, -4*d = -0*d - 2*u - 70. Let x = -10 + 13. Suppose -5 + 48 = 5*g + h, x*g = -4*h + d. What is the units digit of g?
9
Suppose -r + 3786 = -n - 4250, 3*n + 8028 = r. What is the units digit of r?
0
Let z(l) = -4*l + 2. Let w(d) = d**3 - 9*d**2 - 10*d - 7. Let a be w(10). Let c be z(a). Suppose 4*j - 38 - c = 0. What is the tens digit of j?
1
Suppose 2*r = -s - 0*s - 2, 5*s - 32 = 4*r. Suppose -3*u = -s*b + 6*b - 1405, u + 3*b - 473 = 0. What is the hundreds digit of u?
4
Suppose 75074 = 2*t - 2*b, 141*b + 37558 = t + 137*b. What is the units digit of t?
0
Suppose -10*v + 27 = -v. Suppose -5*i = -4*h + 1934, -v*h + 1072 = 4*i - 363. What is the tens digit of h?
8
What is the thousands digit of 0 + (1 - -11) + -3 - -5028?
5
Suppose 3555 = c - 16*c. Let t = c + 272. What is the tens digit of t?
3
Let q = -60 + 115. Let u = q - 55. Suppose u = 2*p - 3*p + 107. What is the tens digit of p?
0
Let t(z) = -2*z**3 + 7*z**2 - 5*z + 9. Let s = -84 - -78. What is the units digit of t(s)?
3
Let f(n) = -684*n + 25. Let l = 111 - 112. What is the hundreds digit of f(l)?
7
Suppose 5*z - 204996 = -4*s, -11*z + 7*z + s + 164022 = 0. What is the units digit of z?
4
Let o(y) = -9*y**3 - 4*y**2 + 35*y - 984. What is the hundreds digit of o(-17)?
4
Suppose -123274 + 419658 = 64*q. What is the tens digit of q?
3
Suppose 4*n - 98 - 62 = 0. Suppose 3*l = -n + 7. What is the units digit of (-10)/(-55) - 427/l?
9
Suppose -2*q + 4 = -6. Suppose 2*y = q*y - 12. Suppose y*k + 56 = 8*k. What is the units digit of k?
4
Let t(l) = 464*l - 2732. What is the tens digit of t(40)?
2
Suppose -2*w - 88 = -5*q + 242, 3*q = -w + 209. Let a = q - 68. What is the units digit of (-2)/(-4)*-2*(a + -148)?
8
Suppose -2*x - 1327 = 3*z, -3*z + 6*x - 2*x = 1351. Let f = z + 1008. What is the hundreds digit of f?
5
Suppose 68*p - 835560 = 2*p. What is the thousands digit of p?
2
Let p = 221 + -74. Suppose d - 326 + 76 = 0. Let c = d - p. What is the units digit of c?
3
Let c = 278 - -1. What is the tens digit of -4*(-2)/(-4) + c?
7
Let f(l) = 50*l**3 + 3*l**2 - 3*l - 8. What is the units digit of f(3)?
0
Let h(c) = 66*c**2 - 3*c - 6. What is the tens digit of h(-2)?
6
Let w(s) = -s**3 - 20*s**2 - 160*s + 30. What is the thousands digit of w(-28)?
0
Let t(m) = -39*m**2 + 11*m + 7. Let f be t(-4). Let r = -385 - f. What is the tens digit of r?
7
Let y be ((-1336)/24)/((-1)/(-51)). Let x = -1878 - y. What is the units digit of x?
1
Suppose -5*f - 3*m + 41109 = 0, 16727 = 5*f - 4*m - 24396. What is the tens digit of f?
2
Let k be -8*((-25)/4 + 6). Suppose 0 = 2*v + 2*s - 672, -k*s + s = -5*v + 1650. What is the hundreds digit of v?
3
Suppose 2*x + 3*y = -0 - 6, 0 = 3*x + y + 9. Let q be (-2)/(-8) + 187/4 + x. What is the tens digit of (-3)/((-12)/q)*4?
4
Suppose -2*o = -39 + 33. Let h be 5/4*(o + 1). Suppose 4*v = 5*a - 132, -h*v = 5*a - 3*v - 114. What is the units digit of a?
4
Let u be (-9)/(486/(-150)) + 4/18. Suppose 2*f = -2*w - 2*w + 348, -2*w + u*f + 174 = 0. Let h = w + -66. What is the units digit of h?
1
Suppose -18589 = -2*m + t, -m + 3621 = -4*t - 5663. Suppose b - 15*b + m = 0. What is the units digit of b?
4
Suppose 5*d - 37 = 4*i, -i + 7 + 0 = 2*d. Suppose -25 = -d*p, -2*x = -0*p + 4*p - 1566. What is the hundreds digit of x?
7
Suppose -37*r + 4*r + 1188252 = 19*r. What is the units digit of r?
1
Suppose -2*j - 47*j + 229761 = 0. What is the thousands digit of j?
4
Let l(r) = 4*r + 932. What is the units digit of l(23)?
4
Let c(p) = -8*p + 229. Let o(x) = 2*x - 57. Let t(j) = -2*c(j) - 9*o(j). Let q be t(0). Let s = 23 + q. What is the units digit of s?
8
Suppose -4*p = -2721 - 1155. What is the tens digit of p?
6
Let b(q) = 3*q**2 - 4*q - 6. Suppose 4*f - 2*f - 8 = 0. Suppose -f*n = 10 + 2. What is the tens digit of b(n)?
3
Let s = -36 + 30. What is the tens digit of (-2)/s*(1125 - -3)?
7
Suppose 0 = -2*y + 9*y - 28. Suppose 3*a - 1102 = -g - y*g, -a = -2*g - 360. What is the tens digit of a?
6
Suppose 88888 - 23687 = 2*t + p, 3*t = -4*p + 97804. What is the units digit of t?
0
Let g(z) = -413*z + 4099. What is the tens digit of g(-76)?
8
Suppose 4*j - j - 4*r = 9448, -r + 9428 = 3*j. Let w be ((-4)/16*2)/(5/320). What is the units digit of 1/(-4) - j/w?
8
Let q(u) = 41*u**3 + 1. Let g be q(-1). Let h = 1100 - 1102. Let i = h - g. What is the tens digit of i?
3
Suppose -43*n = -45*n + 764. Suppose 3710 = 3*l - n. What is the units digit of l?
4
Let p(y) = 38*y**2 + 219*y + 1335. What is the units digit of p(-6)?
9
Let f be (1 + -3)/((-4)/1 + 2). Let v(p) = p**3 - 14*p**2 + 19*p - 3. Let n(m) = -m**2 + m + 1. Let d(k) = f*v(k) - 6*n(k). What is the tens digit of d(8)?
9
What is the tens digit of (310/(-15))/((-7116)/(-1017) + (-3 - 4))?
0
Suppose 4*m - 2*m = 4*a + 1562, 5*a = -m - 1956. Let t = 47 - a. What is the hundreds digit of t?
4
Suppose 3*n - 4 = -22. Let f(t) = 11 + t + 153*t**3 - 152*t**3 + 5*t**2 + t**2. What is the units digit of f(n)?
5
What is the units digit of 114 - 97 - (-9)/(-1)?
8
Let a be (-48)/72 - 109/3. What is the tens digit of (a + 34)/(2/(-32))?
4
Suppose 2*n = 4*w + 10910, 2*n + 2*w + 3375 = 14255. What is the hundreds digit of n?
4
Suppose 64*f - 1080864 = 28*f. What is the hundreds digit of f?
0
Let n = -356 - -359. Suppose x + n*x - 3*w - 2940 = 0, x = 4*w + 735. What is the tens digit of x?
3
Suppose 22*g = 7903 + 567. What is the tens digit of (g/28 + -2)/(1/8)?
9
Suppose 3 = q - 2. Let l(f) = 2*f**2 - f + 22. Let j be l(8). Suppose -w = -4*a + w + j, 2*a - 65 = -q*w. What is the tens digit of a?
3
Let j(f) = -f**3 + f**2 + 2*f. Let i be j(-1). Suppose i = 5*z - 49 - 201. What is the units digit of z?
0
Suppose 62*m - 5 = -5*h + 61*m, 25 = 5*m. Suppose h = -6*t - 85 + 505. What is the tens digit of t?
7
Let a(o) = 3*o**2 - 9*o + 11. Suppose 5*h + 18 = r, 0 = 3*r - 0*r + 4*h - 16. What is the units digit of a(r)?
1
Let m(l) = -1102*l - 44. Let x be m(-3). What is the tens digit of x/7 - 12/3?
6
Suppose m = 4*n + 34, 3*m = -n + 3*n + 72. Suppose -20*k - 26*k = -40*k. What is the tens digit of m + k/(-3) - (9 - 6)?
1
Let c(u) = u**2 - 17*u + 36. Let h be c(15). Let d be (1 - 1)/(h - 1 - 4). Suppose -5*p + 4*l + 535 = d, -5*p - l + 116 = -4*p. What is the hundreds digit of p?
1
Suppose -4*v - 3116 = -4*h, 0 = 3*h + 48*v - 49*v - 2339. What is the units digit of h?
0
Suppose 0 = 39*c - 45*c. Suppose j + 6*j - 294 = c. What is the tens digit of j?
4
Let t = -143 + 247. Let u = -169 - -237. Suppose -t - u = -k. What is the hundreds digit of k?
1
Suppose 0 = 2*i + 5*u - 112932, i - 56476 = -9*u + 4*u. What is the ten thousands digit of i?
5
Suppose -2170 = -3*t - 2*p, 0*t - 2*p = 2*t - 1450. Let x = -510 + t. What is the tens digit of x?
1
Suppose -3*x + 1831 - 357 = 2*k, 3*k - 2198 = 2*x. Suppose k + 1914 = 8*m. What is the hundreds digit of m?
3
Let p = 65903 + -37231. What is the thousands digit of p?
8
Suppose -3*o - 544 = 2*w - 10393, -2*w + 16411 = 5*o. What is the tens digit of o?
8
Suppose -121 = -4*v + 3*l, -79 = -3*v - 4*l + 18. Let t = -28 + v. Suppose -276 = -5*a - t*c, 3*a = 2*c + c + 180. What is the tens digit of a?
5
Suppose 5*l + 4*w - 361418 = 0, -l - 4*w + 7*w = -72276. What is the ten thousands digit of l?
7
Let d(p) = 42*p + 46. Suppose 24 = s - 4*z + z, -4*s + 3*z = -51. Let t be d(s). Let o = -231 + t. What is the tens digit of o?
9
Let q(f) = -60*f**3 - 14*f**2 - 31*f + 9. Let x be q(-4). Suppose -12*m + 3127 = -x. What is the tens digit of m?
7
Suppose t - 3*q - 60 = 0, -3*q + q = 3*t - 169. Suppose 4*j - t = -17. What is the tens digit of 21 - 5*4/j?
1
Suppose 2482 = -28*x + 2355 + 5811. What is the units digit of x?
3
What is the hundreds digit of (-1 - (-48)/8) + (6 - -893)?
9
Let n(b) = -6*b**2 + b + 2256. What is the units digit of n(0)?
6
Let c = 98 - 92. Suppose -9*m + 144 = -c*m. What is the units digit 